 of -r**2 - 44. Let k(l) = l**3 - 6*l**2 + l - 3. Let v be k(6). What is c(v)?
-6
Let p be ((-6)/4)/(3/(-78)). Let n(c) = 5*c + c**2 - 38 - 6*c + 5*c + p. Let u(t) = -t**2 - t - 6. Let q be u(0). What is n(q)?
13
Suppose -s - 5*c = -c - 21, 3*c = -s + 17. Suppose 0 = -3*w + 2*i - 11, -s*w = 3*i + 17 + 14. Let k(j) be the third derivative of -j**4/12 + j**2. What is k(w)?
10
Let o(b) be the first derivative of -b**4/4 - 11*b**3/3 - 5*b**2 + 8*b - 138. Determine o(-10).
8
Let z(r) = -2*r**3 + r**2 + 2*r - 2. Let i be (-14)/(-35) - 18/(-30). Determine z(i).
-1
Let c(o) = -o**3 + 6*o**2 - 3*o - 7. Let i(n) = 26*n - 333. Let d be i(13). What is c(d)?
3
Let f be -2 + (6/9)/(2/(-15)). Let z(m) = 19 + 12 - 31 + m. Calculate z(f).
-7
Let f(m) = -m**2 - m + 5. Let y be f(0). Suppose -y = 7*w - 8*w. Let c(k) = k**2 - 4*k. Give c(w).
5
Let a(x) = -12*x + 2*x - 7*x - 2*x**2 - 19 + 6*x - 10*x. Calculate a(-9).
8
Let y = 181 + -184. Let c(t) = 6*t - 1. Let q(u) = 30*u - 6. Let x(i) = 21*c(i) - 4*q(i). Calculate x(y).
-15
Let q(n) = n**3 - 4*n**2 - 2*n - 6. Let b be q(5). Let t(o) = -10 + 5*o - b + 18. Determine t(2).
9
Let i(l) be the first derivative of l**4/4 - 8*l**3/3 + 11*l**2/2 - 2*l + 372. Calculate i(6).
-8
Let j(x) = -x**2 - 4*x + 1. Suppose c = -3*o - 9, 2*c - 14 = 4*c + 5*o. Suppose -7*q = -c*q + 128. Let u be (q/(-12))/(6/(-9)). Determine j(u).
1
Let o be (-6 + 5)/((-8)/(-24)). Let d(m) be the first derivative of 2/3*m**3 + 0*m**2 + 1/4*m**4 - 1 + 3*m. Calculate d(o).
-6
Let t(v) = 9*v**2 - 1. Let s be (-1*3)/(6 - 7). Suppose -2*i - 2*x = -s*i + 10, -i = x - 1. Suppose i*k - 5 = -k. Give t(k).
8
Let n(r) = 2*r**2 - 5*r. Let m be n(4). Suppose c - m = -c. Let q(d) = d + 3. Give q(c).
9
Let i(o) be the first derivative of 7 - 1/4*o**4 + o + 2*o**3 - o**2. What is i(6)?
-11
Let h(q) = 7*q + 3. Let n be (84/(-378))/(2/(-36)). What is h(n)?
31
Let j(i) = -i**2 - 3*i + 4. Let x be j(-5). Let t(r) be the first derivative of -r**2 + r + 1. Let f(c) = -c. Let u(m) = -f(m) + t(m). Give u(x).
7
Suppose -3*w + 7*w = 16. Let p be (w/3)/((-2)/(-6)). Let k(c) = -4 - 4*c**2 + 1 + 4*c**2 + c**2. Calculate k(p).
13
Suppose 0 = 25*k + 6 + 94. Let f(v) be the first derivative of v**2/2 + v + 1. Give f(k).
-3
Let w(j) = -j**3 - 3*j**2 + 2*j + 3. Suppose -2*s = -4*a - 26, -3*a + 79*s + 8 = 83*s. What is w(a)?
11
Let l(p) = 3*p**2 - 34*p - 58. Let c be l(13). Let x be (2 - -2)/(-2) - -6. Let b(t) = 3*t - x*t + 12 + 0*t. Give b(c).
5
Let v(o) = -4*o - 6. Let p be 402/78 - 2/13. Let r be p - (-102)/(-18) - (-26)/(-6). Calculate v(r).
14
Let d(n) = -47 - 103*n + 102*n + 37. What is d(-5)?
-5
Let l(u) be the third derivative of -u**5/60 + u**4/4 - u**3/3 + u**2. Let p be (-2 - 1) + 24*1. Suppose 17 + 88 = p*g. What is l(g)?
3
Let r(k) = -107*k - 10*k**3 - 15*k**3 + 122*k + 26*k**3 + 30 + 14*k**2. Calculate r(-13).
4
Let b(t) = t**3 + 6*t**2 + 9*t + 2. Let z be b(-6). Let n = z - -49. Let m(w) = w**3 + 4*w**2 + 3*w - 3. Determine m(n).
-3
Suppose 0 = p - 7 + 6. Let d(i) = -p + i - 6*i + 4*i + 4*i. Let z = -4 - -3. Give d(z).
-4
Let i(f) be the third derivative of -1/15*f**5 + 0*f**3 + 7*f**2 + 0*f + 1/8*f**4 - 1/360*f**6 + 0. Let x(y) be the second derivative of i(y). What is x(-6)?
4
Suppose 3*o + 15 = -6*r + r, 0 = 3*r - 4*o - 20. Let j(a) be the second derivative of 0*a**2 + r - 1/6*a**3 + 1/6*a**4 - 2*a. Calculate j(2).
6
Let s = 13 + -11. Let x(y) = -y**3 + 12*y**2 + y - 5. Let d be x(12). Let q(j) = -6 + d*j + 5 - 4 + 4. Calculate q(s).
13
Let u(f) = -f - 5. Let d be 208/2 - (15/(-1))/(-5). Suppose -d*n - 21 = -98*n. Determine u(n).
2
Let t(w) = -w + 2. Let g be 2 + (1 - (-4 + 5)). Suppose g*q + q = -12. Calculate t(q).
6
Suppose 4*h = 4*d + d, 16 = 4*d. Let v(f) = -f**2 + 7*f - 15. Let q be v(h). Let t(s) = s**2 + 3*s - 4. Calculate t(q).
6
Let f(b) = b**2 - 4*b + 5. Let w be f(4). Suppose -2*i - 2*q = -12, -4*i + 8*q = w*q - 31. Let y(r) = 0 - i*r + 3 + 4*r. Determine y(3).
-6
Let p(m) = -m**2 - 4*m + 4. Let c be p(-4). Let d(q) = q**3 - 7*q**2 + 6*q - 6. Calculate d(c).
-30
Let w(p) = 2*p**2 + 2*p**3 - 2*p + 1 + 4*p + p**3. Let c = -43 + 45. Suppose 0 = c*n + 96 - 94. Determine w(n).
-2
Let c be (-1 - 2)*30/(-18). Suppose -x + 4 = -c*n, -3*n - x = 3*x - 16. Let r(l) = l**3 + l**2 - 29. Give r(n).
-29
Suppose 2*b + 3 = -v, 12 = -v - 3*v + 4*b. Let x(h) be the third derivative of -h**5/20 - 5*h**4/24 - h**3/3 - 66*h**2. Give x(v).
-14
Let x(k) = -k**3 + 10*k**2 + 10*k - 13. Let i be -6 + 11 + (-12)/(-2). Determine x(i).
-24
Let j be 1*-1 - 2*-2. Suppose 2*y + 20 = 24. Let x(n) = -n**j + 5*n**y - 3*n + n - 3*n + n. Give x(4).
0
Let p(k) = -4*k**3 + k**2 - 1. Suppose 0 = 26*w - 27*w - 9. Let n = 2 - 10. Let r = n - w. Determine p(r).
-4
Let z(o) be the second derivative of -o**3/6 + o**2/2 + o + 40. Let j(s) = -s**3 - 3*s**2 + 7*s + 6. Let l be j(-4). Determine z(l).
7
Let q = 11 + -6. Let b(k) be the second derivative of -k**4/12 + k**3/6 + 7*k**2/2 + 580*k. Determine b(q).
-13
Let w(r) be the third derivative of -r**6/120 + r**5/10 + r**4/3 + r**3/2 - 18*r**2 - 3*r. Give w(7).
10
Let w(i) be the first derivative of i**5/20 - i**4/12 - i**3/2 - i**2 - 9*i + 8. Let s(b) be the first derivative of w(b). Determine s(-2).
-8
Let b(x) be the second derivative of x**4/12 + 5*x**3/3 + 5*x**2/2 + 3*x. Let j be b(-9). Let s(i) = 0*i + 3 - 8 + i. What is s(j)?
-9
Let j(v) = v**2 - 71*v - 454. Let u be j(-6). Let z(f) = f**3 - 6*f**2 - 9*f - 3. Give z(u).
53
Let j(p) be the third derivative of 3/8*p**4 + 10*p**2 + 0*p + 0 + 0*p**5 - 11/720*p**6 + 0*p**3. Let v(m) be the second derivative of j(m). What is v(-1)?
11
Suppose y = m + 4*y + 8, -3*m - 3*y + 6 = 0. Suppose 0 = -12*o + m*o. Let a(k) = k**2 - 5. Calculate a(o).
-5
Let m(l) be the first derivative of -l**2/2 - 24*l + 259. What is m(-24)?
0
Suppose -4*d = -2*o - 3*o + 30, -4*o - d + 3 = 0. Let s(f) = -51*f**2 + 26*f**2 - 3 - 2*f + 26*f**o. Give s(-2).
5
Let g(f) = -f**2 + 6*f - 1. Suppose -9*x = -4*x + 2*j - 30, 0 = -2*j. Determine g(x).
-1
Let a = -33 - -19. Let i(b) = -b**3 - 14*b**2 - b + 6. Calculate i(a).
20
Let r(z) = -z - 9*z - z**2 + 9*z + 2*z + 22 + 7*z. Give r(10).
2
Let a(n) = 48*n + 36 - 25*n - 18*n. What is a(-10)?
-14
Let v(t) be the third derivative of t**6/120 + t**5/30 - t**4/6 - 2*t**3/3 + t**2. Suppose -20*b + 141 - 201 = 0. What is v(b)?
-1
Let i = 20 - 18. Let f = -25 + 29. Suppose 0 = i*w - w - f. Let s(o) = -o**3 + 3*o**2 + 6*o - 4. Determine s(w).
4
Let b = 21 - 28. Let j(v) = -v**3 + 10*v**2 + 10*v + 7. Let q(f) = f**3 - f**2. Let w(n) = j(n) + 2*q(n). What is w(b)?
-14
Let o(p) = -4*p + 23. Let w = 1597 - 1592. Calculate o(w).
3
Suppose 2*d - 10 = l + l, -5*d - 23 = l. Let a = -5 - l. Let g(u) = -5 + 4 - 5 + u. What is g(a)?
-3
Let v be -1*(-6)/42*-7. Let d(i) = -16*i**3 - i**2 + i + 1. Determine d(v).
15
Suppose 3*s = 4*p + 5, -4 = -3*s - 2*p + 7. Let o(k) = 4*k + 25 - 26 - s*k. What is o(-1)?
-2
Let h(b) = -b**3 + 4*b**2 + 7*b - 1. Let v(q) = 2*q**3 - 14*q**2 - 87*q - 6. Let l be v(11). Give h(l).
9
Suppose -h = 2*h + 6. Let x(g) be the first derivative of 0*g - 2/3*g**3 - 1 - 3/2*g**2. Calculate x(h).
-2
Let z(n) be the third derivative of n**5/30 - n**4/12 - 7*n**3/6 - n**2 - 5*n. Calculate z(3).
5
Suppose 0 = -26*z - z - 135. Let n(c) = -c**3 - 5*c**2 + 6*c - 7. What is n(z)?
-37
Let s(k) = -k**2 + 9*k + 111. Let f be s(16). Let c(j) = -4*j**3 - j**2 - 3*j - 1. Give c(f).
5
Let t(a) = -7*a + 15. Let w(d) = -15*d + 32. Let k(b) = -9*t(b) + 4*w(b). What is k(-4)?
-19
Let p = -7479 - -7472. Let n(u) = -u + 5*u - 8 + u**2 + u. What is n(p)?
6
Let p(j) = j. Let u be 4/((-6)/15*-5). Suppose -4*r - 2*d + 32 = 0, u*r - 3*d = -0*r. Let m(z) = 4*z - 24. Let o be m(r). Calculate p(o).
0
Let p(b) be the second derivative of 0 + 1/2*b**3 + 1/4*b**4 + 3/2*b**2 + 23*b. What is p(-2)?
9
Let c be 36/16 + 6/(-24). Let q(z) = 1. Let n(o) = 5*o**2 + 4. Let g(k) = -6*k**2 - 4. Let t(f) = -3*g(f) - 4*n(f). Let r(w) = 4*q(w) + t(w). What is r(c)?
-8
Let i(s) be the second derivative of -s**3/6 + 6*s**2 + 64*s. Calculate i(7).
5
Let h(c) = -3*c**2 - 2*c - 1. Let m(d) = 84*d**2 + 14*d + 7. Let s(v) = -6*h(v) - m(v). Determine s(-1).
-65
Let z(c) = -6*c**2 + 2 + 6*c**2 - c**2 - 3. Calculate z(1).
-2
Let d(o) be t